{"id":178,"date":"2021-08-17T21:56:03","date_gmt":"2021-08-17T21:56:03","guid":{"rendered":"https:\/\/bral.net\/?page_id=178"},"modified":"2021-10-30T21:12:38","modified_gmt":"2021-10-30T21:12:38","slug":"produtos","status":"publish","type":"page","link":"https:\/\/bral.net\/?page_id=178","title":{"rendered":"Produtos"},"content":{"rendered":"\n<div class=\"wp-block-media-text alignwide is-stacked-on-mobile has-black-color has-text-color\"><figure class=\"wp-block-media-text__media\"><img loading=\"lazy\" decoding=\"async\" width=\"685\" height=\"593\" src=\"https:\/\/bral.net\/wp-content\/uploads\/2021\/08\/automovel.png\" alt=\"\" class=\"wp-image-277 size-full\" srcset=\"https:\/\/bral.net\/wp-content\/uploads\/2021\/08\/automovel.png 685w, https:\/\/bral.net\/wp-content\/uploads\/2021\/08\/automovel-300x260.png 300w, https:\/\/bral.net\/wp-content\/uploads\/2021\/08\/automovel-600x519.png 600w\" sizes=\"auto, (max-width: 685px) 100vw, 685px\" \/><\/figure><div class=\"wp-block-media-text__content\">\n<p class=\"has-text-align-center has-vivid-cyan-blue-color has-text-color has-large-font-size\"><a href=\"https:\/\/bral.net\/wp-content\/uploads\/automovel.pdf\" data-type=\"URL\" target=\"_blank\" rel=\"noreferrer noopener\">Autom\u00f3vel<span class=\"has-inline-color has-black-color\"> <\/span><\/a><\/p>\n<\/div><\/div>\n\n\n\n<div class=\"wp-block-media-text alignwide has-media-on-the-right is-stacked-on-mobile\"><figure class=\"wp-block-media-text__media\"><img loading=\"lazy\" decoding=\"async\" width=\"685\" height=\"592\" src=\"https:\/\/bral.net\/wp-content\/uploads\/2021\/08\/cocinha-1.png\" alt=\"\" class=\"wp-image-279 size-full\" srcset=\"https:\/\/bral.net\/wp-content\/uploads\/2021\/08\/cocinha-1.png 685w, https:\/\/bral.net\/wp-content\/uploads\/2021\/08\/cocinha-1-300x259.png 300w, https:\/\/bral.net\/wp-content\/uploads\/2021\/08\/cocinha-1-600x519.png 600w\" sizes=\"auto, (max-width: 685px) 100vw, 685px\" \/><\/figure><div class=\"wp-block-media-text__content\">\n<p class=\"has-text-align-center has-vivid-cyan-blue-color has-text-color has-large-font-size\"><a href=\"https:\/\/bral.net\/wp-content\/uploads\/cozinha.pdf\" data-type=\"URL\" data-id=\"https:\/\/bral.net\/wp-content\/uploads\/cozinha.pdf\" target=\"_blank\" rel=\"noreferrer noopener\">Cozinha<\/a><\/p>\n<\/div><\/div>\n\n\n\n<div class=\"wp-block-media-text alignwide is-stacked-on-mobile\"><figure class=\"wp-block-media-text__media\"><img loading=\"lazy\" decoding=\"async\" width=\"695\" height=\"590\" src=\"https:\/\/bral.net\/wp-content\/uploads\/2021\/08\/construcao-1.png\" alt=\"\" class=\"wp-image-278 size-full\" srcset=\"https:\/\/bral.net\/wp-content\/uploads\/2021\/08\/construcao-1.png 695w, https:\/\/bral.net\/wp-content\/uploads\/2021\/08\/construcao-1-300x255.png 300w, https:\/\/bral.net\/wp-content\/uploads\/2021\/08\/construcao-1-600x509.png 600w\" sizes=\"auto, (max-width: 695px) 100vw, 695px\" \/><\/figure><div class=\"wp-block-media-text__content\">\n<p class=\"has-text-align-center has-vivid-cyan-blue-color has-text-color has-large-font-size\"><a href=\"https:\/\/bral.net\/wp-content\/uploads\/contrucao.pdf\" target=\"_blank\" rel=\"noreferrer noopener\">Constru\u00e7\u00e3o<\/a><\/p>\n<\/div><\/div>\n\n\n\n<div class=\"wp-block-media-text alignwide has-media-on-the-right is-stacked-on-mobile\"><figure class=\"wp-block-media-text__media\"><img loading=\"lazy\" decoding=\"async\" width=\"960\" height=\"600\" src=\"https:\/\/bral.net\/wp-content\/uploads\/lavandaria.png\" alt=\"\" class=\"wp-image-313 size-full\" srcset=\"https:\/\/bral.net\/wp-content\/uploads\/lavandaria.png 960w, https:\/\/bral.net\/wp-content\/uploads\/lavandaria-300x188.png 300w, https:\/\/bral.net\/wp-content\/uploads\/lavandaria-768x480.png 768w, https:\/\/bral.net\/wp-content\/uploads\/lavandaria-600x375.png 600w\" sizes=\"auto, (max-width: 960px) 100vw, 960px\" \/><\/figure><div class=\"wp-block-media-text__content\">\n<p class=\"has-text-align-center has-vivid-cyan-blue-color has-text-color has-large-font-size\"><a href=\"https:\/\/bral.net\/wp-content\/uploads\/lavandaria.pdf\" data-type=\"URL\" data-id=\"https:\/\/bral.net\/wp-content\/uploads\/lavandaria.pdf\" target=\"_blank\" rel=\"noreferrer noopener\">Lavandaria<\/a><\/p>\n<\/div><\/div>\n\n\n\n<div class=\"wp-block-media-text alignwide is-stacked-on-mobile\"><figure class=\"wp-block-media-text__media\"><img loading=\"lazy\" decoding=\"async\" width=\"960\" height=\"600\" src=\"https:\/\/bral.net\/wp-content\/uploads\/desinfecao.png\" alt=\"\" class=\"wp-image-312 size-full\" srcset=\"https:\/\/bral.net\/wp-content\/uploads\/desinfecao.png 960w, https:\/\/bral.net\/wp-content\/uploads\/desinfecao-300x188.png 300w, https:\/\/bral.net\/wp-content\/uploads\/desinfecao-768x480.png 768w, https:\/\/bral.net\/wp-content\/uploads\/desinfecao-600x375.png 600w\" sizes=\"auto, (max-width: 960px) 100vw, 960px\" \/><\/figure><div class=\"wp-block-media-text__content\">\n<p class=\"has-text-align-center has-vivid-cyan-blue-color has-text-color has-large-font-size\"><a href=\"https:\/\/bral.net\/wp-content\/uploads\/desinfecao.pdf\" target=\"_blank\" rel=\"noreferrer noopener\">Desinfe\u00e7\u00e3o<\/a><\/p>\n<\/div><\/div>\n\n\n\n<div class=\"wp-block-media-text alignwide has-media-on-the-right is-stacked-on-mobile\"><figure class=\"wp-block-media-text__media\"><img loading=\"lazy\" decoding=\"async\" width=\"960\" height=\"600\" src=\"https:\/\/bral.net\/wp-content\/uploads\/domestico.png\" alt=\"\" class=\"wp-image-319 size-full\" srcset=\"https:\/\/bral.net\/wp-content\/uploads\/domestico.png 960w, https:\/\/bral.net\/wp-content\/uploads\/domestico-300x188.png 300w, https:\/\/bral.net\/wp-content\/uploads\/domestico-768x480.png 768w, https:\/\/bral.net\/wp-content\/uploads\/domestico-600x375.png 600w\" sizes=\"auto, (max-width: 960px) 100vw, 960px\" \/><\/figure><div class=\"wp-block-media-text__content\">\n<p class=\"has-text-align-center has-vivid-cyan-blue-color has-text-color has-large-font-size\"><a href=\"https:\/\/bral.net\/wp-content\/uploads\/domestico.pdf\" target=\"_blank\" rel=\"noreferrer noopener\">Dom\u00e9stico<\/a><\/p>\n\n\n\n<p><\/p>\n<\/div><\/div>\n\n\n\n<div class=\"wp-block-media-text alignwide is-stacked-on-mobile\"><figure class=\"wp-block-media-text__media\"><img loading=\"lazy\" decoding=\"async\" width=\"960\" height=\"600\" src=\"https:\/\/bral.net\/wp-content\/uploads\/manutencao-1.png\" alt=\"\" class=\"wp-image-470 size-full\" srcset=\"https:\/\/bral.net\/wp-content\/uploads\/manutencao-1.png 960w, https:\/\/bral.net\/wp-content\/uploads\/manutencao-1-300x188.png 300w, https:\/\/bral.net\/wp-content\/uploads\/manutencao-1-768x480.png 768w, https:\/\/bral.net\/wp-content\/uploads\/manutencao-1-600x375.png 600w\" sizes=\"auto, (max-width: 960px) 100vw, 960px\" \/><\/figure><div class=\"wp-block-media-text__content\">\n<p class=\"has-text-align-center has-vivid-cyan-blue-color has-text-color has-large-font-size\"><a href=\"https:\/\/bral.net\/wp-content\/uploads\/manutencao.pdf\" data-type=\"URL\" data-id=\"https:\/\/bral.net\/wp-content\/uploads\/manutencao.pdf\" target=\"_blank\" rel=\"noreferrer noopener\">Manuten\u00e7\u00e3o<\/a><\/p>\n\n\n\n<p><\/p>\n<\/div><\/div>\n\n\n\n<div class=\"wp-block-media-text alignwide has-media-on-the-right is-stacked-on-mobile\"><figure class=\"wp-block-media-text__media\"><img loading=\"lazy\" decoding=\"async\" width=\"700\" height=\"467\" src=\"https:\/\/bral.net\/wp-content\/uploads\/aacessorios2.jpg\" alt=\"\" class=\"wp-image-504 size-full\" srcset=\"https:\/\/bral.net\/wp-content\/uploads\/aacessorios2.jpg 700w, https:\/\/bral.net\/wp-content\/uploads\/aacessorios2-300x200.jpg 300w, https:\/\/bral.net\/wp-content\/uploads\/aacessorios2-600x400.jpg 600w\" sizes=\"auto, (max-width: 700px) 100vw, 700px\" \/><\/figure><div class=\"wp-block-media-text__content\">\n<p class=\"has-text-align-center has-vivid-cyan-blue-color has-text-color has-large-font-size\"><a href=\"https:\/\/bral.net\/wp-content\/uploads\/acessorios.pdf\" data-type=\"URL\" data-id=\"https:\/\/bral.net\/wp-content\/uploads\/acessorios.pdf\" target=\"_blank\" rel=\"noreferrer noopener\">Acess\u00f3rios<\/a><\/p>\n\n\n\n<p><\/p>\n<\/div><\/div>\n\n\n\n<p><\/p>\n","protected":false},"excerpt":{"rendered":"<p>Autom\u00f3vel Cozinha Constru\u00e7\u00e3o Lavandaria Desinfe\u00e7\u00e3o Dom\u00e9stico Manuten\u00e7\u00e3o Acess\u00f3rios<\/p>\n","protected":false},"author":1,"featured_media":0,"parent":0,"menu_order":0,"comment_status":"closed","ping_status":"closed","template":"","meta":{"footnotes":""},"class_list":["post-178","page","type-page","status-publish","hentry"],"_links":{"self":[{"href":"https:\/\/bral.net\/index.php?rest_route=\/wp\/v2\/pages\/178","targetHints":{"allow":["GET"]}}],"collection":[{"href":"https:\/\/bral.net\/index.php?rest_route=\/wp\/v2\/pages"}],"about":[{"href":"https:\/\/bral.net\/index.php?rest_route=\/wp\/v2\/types\/page"}],"author":[{"embeddable":true,"href":"https:\/\/bral.net\/index.php?rest_route=\/wp\/v2\/users\/1"}],"replies":[{"embeddable":true,"href":"https:\/\/bral.net\/index.php?rest_route=%2Fwp%2Fv2%2Fcomments&post=178"}],"version-history":[{"count":13,"href":"https:\/\/bral.net\/index.php?rest_route=\/wp\/v2\/pages\/178\/revisions"}],"predecessor-version":[{"id":511,"href":"https:\/\/bral.net\/index.php?rest_route=\/wp\/v2\/pages\/178\/revisions\/511"}],"wp:attachment":[{"href":"https:\/\/bral.net\/index.php?rest_route=%2Fwp%2Fv2%2Fmedia&parent=178"}],"curies":[{"name":"wp","href":"https:\/\/api.w.org\/{rel}","templated":true}]}}